514121 prime?
True
Is 104138188279 a prime number?
True
Is 8734174417 a prime number?
False
Is 96821629 composite?
True
Is 2078870903 a prime number?
True
Is 22657815317 composite?
False
Is 622245739 a prime number?
True
Is 63612257 composite?
True
Is 4294361699 composite?
False
Is 95724510239 a composite number?
True
Is 2275415887 prime?
True
Is 259366969 a prime number?
True
Is 271344167 prime?
True
Is 41662860401 a composite number?
True
Is 474918581 prime?
True
Is 93477067 a prime number?
False
Is 105667841249 a composite number?
True
Is 1080403861 prime?
False
Is 219110537 a composite number?
False
Is 34539162659 prime?
True
Is 3351912757 a composite number?
False
Is 462844337 prime?
True
Is 105202763 a prime number?
False
Is 7340470661 composite?
False
Is 997223467 prime?
True
Is 25484062595 prime?
False
Is 201989441 a prime number?
True
Is 32117978063 composite?
True
Is 109537493577 a prime number?
False
Is 30622747447 prime?
False
Is 1496781371 prime?
False
Is 10543643683 prime?
True
Is 4690619389 prime?
False
Is 1590577735 prime?
False
Is 33346437991 prime?
True
Is 23339871809 composite?
False
Is 1553728993 a composite number?
False
Is 4364127451 prime?
True
Is 98083202681 a composite number?
False
Is 2440400311 a prime number?
True
Is 175812521 a composite number?
True
Is 14906483 a prime number?
True
Is 58706651 a composite number?
True
Is 938893882 a prime number?
False
Is 909278273 composite?
False
Is 1680903283 composite?
False
Is 11788135921 composite?
True
Is 946374437 prime?
True
Is 1824888631 composite?
True
Is 90081067 prime?
True
Is 8874001 prime?
False
Is 40570666619 prime?
False
Is 29380827089 composite?
True
Is 29491333 prime?
True
Is 554828137 prime?
False
Is 96204592811 a composite number?
False
Is 4068843487 a composite number?
False
Is 2450475199 a prime number?
False
Is 9008254669 composite?
True
Is 267768453947 composite?
False
Is 661833037 prime?
False
Is 4701981209 a prime number?
False
Is 1412431753 prime?
False
Is 274460768609 a prime number?
False
Is 3386617027 a composite number?
False
Is 960060637 a composite number?
False
Is 481209467 prime?
False
Is 5763332551 prime?
False
Is 13096183939 prime?
False
Is 10605885797 a prime number?
False
Is 17253210071 a composite number?
True
Is 42728573141 composite?
False
Is 12355877077 prime?
True
Is 58699998479 prime?
False
Is 604061729 prime?
False
Is 6979842121 a prime number?
False
Is 1493117551 a prime number?
False
Is 14878186931 a composite number?
False
Is 15796294303 prime?
False
Is 3743186521 a composite number?
True
Is 1476416003 a prime number?
True
Is 197097223879 a composite number?
False
Is 3315750719 prime?
True
Is 71465711 prime?
True
Is 853825871 prime?
True
Is 3479370283 a prime number?
False
Is 12068701 prime?
False
Is 15188918203 a prime number?
False
Is 18131664469 prime?
True
Is 1007497003 composite?
False
Is 359926661 composite?
False
Is 4728606811 a composite number?
False
Is 64752405953 a prime number?
True
Is 7176206111 prime?
False
Is 2853512762 a composite number?
True
Is 5204282597 prime?
True
Is 1959266641 prime?
True
Is 543152173 composite?
False
Is 11093800171 a prime number?
False
Is 2899126939 a composite number?
False
Is 848006729 a prime number?
False
Is 7024932259 a composite number?
True
Is 126213484153 a prime number?
True
Is 33723696169 a prime number?
True
Is 1059826385 prime?
False
Is 8257241 a composite number?
True
Is 177776789 a prime number?
True
Is 1699695163 a prime number?
False
Is 733543477 a prime number?
True
Is 30776833 composite?
False
Is 2417881685 composite?
True
Is 693991477 composite?
False
Is 2705501171 a composite number?
False
Is 211429369 a prime number?
True
Is 144207199 prime?
False
Is 123921029261 prime?
True
Is 1259267069 a prime number?
True
Is 5237547461 a prime number?
True
Is 15943725065 a composite number?
True
Is 203362746473 prime?
True
Is 8513684887 a prime number?
True
Is 2679623239 a prime number?
True
Is 2381401579 a prime number?
True
Is 386091403 a prime number?
False
Is 4740675461 a prime number?
False
Is 77760563 a prime number?
True
Is 12249088981 a prime number?
False
Is 11830525757 composite?
False
Is 99612483461 a composite number?
False
Is 7849861573 a composite number?
True
Is 1118727821 composite?
False
Is 2699178571 composite?
False
Is 2023249649 a composite number?
False
Is 64165141 a prime number?
False
Is 5225702263 a prime number?
False
Is 4165502503 a prime number?
False
Is 60731129509 a composite number?
True
Is 17687495269 a prime number?
False
Is 2117524273 a composite number?
False
Is 29260949149 prime?
True
Is 20616210047 composite?
False
Is 151763473 a composite number?
True
Is 1687210111 prime?
False
Is 3082944413 a prime number?
True
Is 130212253855 a prime number?
False
Is 21199722961 composite?
True
Is 329509909 a prime number?
True
Is 41573197541 a composite number?
False
Is 342522319 composite?
False
Is 528993299 a composite number?
False
Is 11567398679 a composite number?
True
Is 55897553 prime?
True
Is 6548525909 prime?
True
Is 789113326 prime?
False
Is 4010882033 prime?
False
Is 227362319 a composite number?
False
Is 1407514957 composite?
True
Is 54834042629 prime?
True
Is 38087185321 composite?
True
Is 5831571989 composite?
False
Is 8595488157 prime?
False
Is 2959345573 composite?
False
Is 16487470147 a prime number?
True
Is 11520333238 a composite number?
True
Is 1190445367 a composite number?
False
Is 11141903917 a composite number?
False
Is 134840402 composite?
True
Is 75168659567 composite?
False
Is 8608470787 composite?
True
Is 12100472842 a prime number?
False
Is 102018526 a composite number?
True
Is 678566047 composite?
True
Is 14585185786 a composite number?
True
Is 270105671135 composite?
True
Is 30969689339 prime?
True
Is 90005177 prime?
False
Is 47450497 a prime number?
False
Is 25625235085 a prime number?
False
Is 2578213867 a composite number?
False
Is 5108669287 composite?
False
Is 957693761 composite?
True
Is 777029303 a prime number?
True
Is 163462960849 a prime number?
True
Is 192180917 a composite number?
True
Is 23176505843 prime?
False
Is 73045909 a prime number?
False
Is 52097235443 a prime number?
False
Is 308751077 composite?
False
Is 2814065689 composite?
False
Is 1304716781 a composite number?
False
Is 757332559 a prime number?
False
Is 10638167971 a composite number?
True
Is 10882859629 a composite number?
False
Is 450919201 a composite number?
False
Is 10628803711 composite?
True
Is 9540607129 prime?
False
Is 132660547 composite?
True
Is 13271859317 a prime number?
True
Is 36487782307 a prime number?
True
Is 61760716757 composite?
True
Is 2050769767 a composite number?
True
Is 311163401 a prime number?
True
Is 10899858341 a composite number?
False
Is 5784267247 prime?
False
Is 82017281023 a composite number?
True
Is 62296033801 prime?
True
Is 17109562949 a composite number?
False
Is 1390005139 a prime number?
True
Is 6582449677 a composite number?
True
Is 21796372237 a prime number?
False
Is 48709942039 prime?
False
Is 5352814289 a composite number?
False
Is 60563899447 a composite number?
False
Is 68358124139 a composite number?
True
Is 267955240227 prime?
False
Is 1977889583 composite?
True
Is 1383842441 a prime number?
True
Is 7150714033 composite?
True
Is 3005434337 a prime number?
True
Is 27197077 a prime number?
True
Is 943407497 a composite number?
True
Is 916468261 prime?
True
Is 702525997 prime?
True
Is 46309001 a composite number?
True
Is 834714493 composite?
False
Is 1547119303 a composite number?
False
Is 11151714767 composite?
True
Is 297909503 prime?
True
Is 1329840829 a prime number?
True
Is 553546999 a composite number?
True
Is 227585591197 a prime number?
True
Is 1939561207 a prime number?
True
Is 1022147857 prime?
True
Is 333316895 a prime number?
False
Is 881809441 prime?
False
Is 3977069027 prime?
False
Is 27227939 prime?
False
Is 215414027 a composite number?
False
Is 2689567523 a prime number?
False
Is 107206271 a prime number?
True
Is 5637725593 composite?
True
Is 12123592259 composite?
True
Is 3972642871 prime?
True
Is 1235693447 a composite number?
False
Is 5832066011 a prime number?
True
Is 65035447 a composite number?
False
Is 3014768069 prime?
True
Is 1867498057 prime?
True
Is 1499105697 a composite nu